)/96 - 15/40. Let k = d - j. List the prime factors of k.
3, 5, 7
What are the prime factors of 160/60*(-9)/(-28) + (-82644)/(-14)?
2, 3, 41
Suppose 0 = -2*x + 2*u + 446, 5*x = 34*u - 33*u + 1103. List the prime factors of x.
2, 5, 11
Let v(a) be the third derivative of -a**5/60 - 9*a**4/8 - 61*a**3/3 - 42*a**2. List the prime factors of v(-13).
2, 3, 5
Let c = 266 - 248. Suppose 8*k + 2810 = c*k. What are the prime factors of k?
281
Let u(o) = 1260*o**2 + 6*o - 1. List the prime factors of u(1).
5, 11, 23
Let d(h) = -2*h**2 - 47*h - 14. Let o be d(-21). Suppose 5*f - 3*t - 21 - 138 = 0, 4*t + o = 3*f. List the prime factors of f.
3, 11
Let c(w) = -w**3 + 71*w**2 + 97*w - 89. What are the prime factors of c(31)?
2, 3, 61, 113
Suppose -3069767 + 335477 = -71*t - 11*t. List the prime factors of t.
3, 5, 13, 19
Suppose -u - 6036 = -3*k, -3*k + 5*u - 3*u + 6033 = 0. List the prime factors of k.
3, 11, 61
Suppose 5*c = -40, j + 450 = 4*j - 3*c. Suppose 4*s - 104 = 3*l, 3*l + 5*s + 87 = -l. Let n = j - l. List the prime factors of n.
2, 5, 17
Let u = 258 + -143. Suppose -319 - u = -7*p. Let n = 121 - p. What are the prime factors of n?
59
Let m(x) = x**2 + 16*x + 20. Suppose 304 = 2*o - 4*j, 3*o + 0*o - 3*j = 444. Suppose 14*q + o = 5*q. List the prime factors of m(q).
2, 5
Suppose 32359 = 9*h - 1105 - 36898. List the prime factors of h.
2, 3, 1303
Let x = -8030 + 11452. Suppose 2*f = -4*r + x, -3*r + 2539 = 2*f - 6*f. List the prime factors of r.
853
Let d(n) = n**3 - 20*n**2 + 11*n + 25. Let j be d(20). Let v = -50 + j. What are the prime factors of v?
3, 5, 13
Let q be (7 + -8)*1*(-4)/(-1). Let x be q/(-2) + -3 - 0. What are the prime factors of ((-56)/10)/(x/15)?
2, 3, 7
Let m = -931 + 960. What are the prime factors of m - -898 - (-1 - 4)?
2, 233
Let k = 7337 - 3568. Suppose -2*u = -3*c - 1191, 4*c - k = -4*u - 1417. List the prime factors of u.
3, 197
Suppose -11*i - 1890 = 4*i. Let l = 60 + i. Let o = l - -291. What are the prime factors of o?
3, 5
Suppose -1 + 0 = a, -2*a - 3122 = -5*c. Suppose -5*p + 2065 + 1145 = -5*d, 0 = p + 5*d - c. What are the prime factors of p?
3, 71
What are the prime factors of 11/((-143)/156) + 48036/1?
2, 3, 23, 29
Let g(j) = 134*j**2 - j - 1. Let y be g(-2). Suppose -61 + 2868 = 17*v - 2497. Let h = y - v. What are the prime factors of h?
3, 5
Let n be (48 - 22)*2/(-4) - -4. What are the prime factors of (-76 + 1 + 0)*n?
3, 5
Let i = 9189 - 1715. What are the prime factors of i?
2, 37, 101
Suppose 109405 - 69297 + 254714 = 9*j. List the prime factors of j.
2, 11, 1489
Let t = 107 + -108. List the prime factors of t + 8 + (-4905)/(-9).
2, 3, 23
Suppose -5*b + 3*b - 18 = -4*u, -2*b - 22 = -5*u. Suppose 4*g - 5*g - 68 = -2*p, u*p - 3*g - 140 = 0. Let r = p + -15. What are the prime factors of r?
17
Suppose 90 = 4*a - 2*c, 3*c = a - 4*a + 45. Let q be -3*a/(-12) + -5. Let g(p) = 2*p + 100. What are the prime factors of g(q)?
2, 5
Let b(c) = -c**3 + 37*c**2 - 8*c - 10. What are the prime factors of b(17)?
2, 3, 313
Suppose 13 = 20*h - 87. Suppose -5*b + 1805 = -5*d, h*d - d = -5*b + 1760. List the prime factors of b.
2, 89
Let p(n) = -42*n**2 - 2*n - 2. Let m be p(-1). Let c = -30 - m. Suppose c*x = 8*x + 428. What are the prime factors of x?
107
Let g be 7/(28/24) + -480. Let m = g - -1016. What are the prime factors of m?
2, 271
Let p(h) = 6*h - 80 + 237 + 151 - 17. List the prime factors of p(0).
3, 97
Let w(o) = -10*o**3 - 30*o**2 + 24*o - 136. What are the prime factors of w(-14)?
2, 659
Suppose 4*s + 0*z + 2*z = -16, 4*z = -2*s - 8. Let y = 10 + s. Let r(k) = 16*k - 21. List the prime factors of r(y).
3, 5
Let m be 25 + -15*(35/15 - 2). What are the prime factors of (-4)/m - (-11346)/30?
2, 3, 7
List the prime factors of (331857/482)/(6/40).
2, 3, 5, 17
Suppose 4*w + 3*c - 8*c = 28017, -21030 = -3*w - 2*c. List the prime factors of w.
2, 3, 73
Let f = -68 + 71. Suppose -43*a + f = -42*a. List the prime factors of -2 + 3 + -3 - (-522)/a.
2, 43
Suppose -42*d + 13*d = -13*d - 123312. What are the prime factors of d?
3, 7, 367
Suppose 15*j - 127786 = 22979. What are the prime factors of j?
19, 23
Let b = 99 - 141. Let c = b + 46. Suppose c*a - 156 = 2*a. List the prime factors of a.
2, 3, 13
Suppose 0 = h + 2*f - 13, 5*h - 4*f + 0*f = 23. Suppose 4734 = h*a + 639. List the prime factors of (-2 - 0)/((-6)/a).
3, 5, 13
List the prime factors of (0 - -1*4155)/((-3)/(-312)*39).
2, 5, 277
Let v = -316 + 400. List the prime factors of 124/(90/v + -1).
2, 7, 31
Suppose 23*i - 86610 = -7*i. What are the prime factors of i?
2887
Let v = 877 + -725. Suppose 4*l + 2508 = 5*i, -5*l = -i + 641 - v. List the prime factors of i.
2, 3, 7
Suppose -19*f = -12*f - 273. What are the prime factors of (-43*1 + 1)*(-26)/f?
2, 7
Let w(l) = l**2 + 10*l + 489. Suppose 0 = 16*f - 15*f. What are the prime factors of w(f)?
3, 163
Let d(n) be the third derivative of 7*n**5/60 + n**4/3 + 13*n**3 - 83*n**2. List the prime factors of d(-7).
5, 73
Let x(b) = -22103*b**3 - b**2 - 7*b - 8. What are the prime factors of x(-1)?
3, 53, 139
Suppose 134*s + 22173 = 89162 + 1000991. List the prime factors of s.
2, 5, 797
Let u(m) = m**3 + 5*m**2 + 4*m. Let j be u(-4). Suppose -2*i - 14*n + 18*n + 2450 = j, -2*n - 6133 = -5*i. What are the prime factors of i?
3, 409
Suppose -16*k = 9*k - 334075. List the prime factors of k.
7, 23, 83
Suppose l = 4*p - 766, 374 = -p + 3*p - 5*l. Suppose 21*v + p = 23*v. Let b = -80 + v. What are the prime factors of b?
2
Suppose 83*x - 84*x - 45 = 0. Let f be x/(7 - 2)*-1. Suppose -d + 3*n - 184 = -6*d, 0 = -3*n + f. List the prime factors of d.
5, 7
Let g(u) be the second derivative of 7*u**5/20 + u**4/6 - u**3/6 + u. Suppose 7*q - 43 + 29 = 0. What are the prime factors of g(q)?
2, 31
Let a = 408 + -406. Suppose -a*i - d + 2578 = 3*d, -4*d - 3897 = -3*i. List the prime factors of i.
5, 7, 37
Suppose 0 = 2*k - 0*k + i - 10, 0 = -3*k + 3*i - 3. Suppose k*q + 3303 = 5*y, 9*y - 10*y + 683 = 5*q. List the prime factors of y.
3, 13, 17
Let z = -37 + 43. Suppose -4*c - 5*j - 485 = -z*c, 0 = -4*c - 2*j + 934. What are the prime factors of c?
5, 47
Suppose -178*d + 160*d = -24264. List the prime factors of d.
2, 337
Let z(w) = w**3 + w**2 - 5*w + 13. Let a be z(2). Suppose 3459 = a*y - 13101. List the prime factors of y.
2, 3, 23
Let x(j) = -43*j + 182. Let d be x(4). Suppose -d*c = -20*c + 11780. List the prime factors of c.
2, 19, 31
Suppose -2*n - 10 = -h + 12, -2*n - 3*h - 38 = 0. Let p(a) = -7*a + a - 14*a + 1. What are the prime factors of p(n)?
3, 29
Let x(f) = -36*f - 47. Suppose -85 = 7*d - 15. What are the prime factors of x(d)?
313
Suppose 875571 = -54*l + 2174080 + 849071. List the prime factors of l.
2, 5, 41, 97
Let b be 6/8 - (-1197)/(-28). Let v = 46 + b. Suppose 425 - 137 = v*d. List the prime factors of d.
2, 3
Suppose 0 = 4*d + 2*k - 20, 24 = 4*d + 5*k - 2. Let c(f) = 4*f**3 - 4*f**2 + 3*f - 4. What are the prime factors of c(d)?
2, 5
Let c(a) = 376 + 197*a - 344 - 41*a. List the prime factors of c(2).
2, 43
Suppose -j = 3*p - 2*p + 1817, 7270 = -4*j - 5*p. Let m = j - -2574. What are the prime factors of m?
3, 11, 23
Let n(s) = -6*s - 478. Let q(l) = 5*l + 479. Let o(a) = 4*n(a) + 5*q(a). What are the prime factors of o(0)?
3, 7, 23
Let g(d) = d**3 - 8*d**2 + 34*d - 88. What are the prime factors of g(19)?
7, 647
Suppose 3*i - 210 = -48. Suppose 9 = -3*a, 0 = 5*h - 52*a + i*a - 3389. What are the prime factors of h?
7, 97
Let x(i) = i**3 - 124*i - 9*i**2 + 22 - 45 + 117*i. List the prime factors of x(10).
7
Suppose 11*g - 5881 - 13270 = 0. List the prime factors of g.
1741
What are the prime factors of (-5)/15 + -11 + (-96156)/(-27)?
2, 5, 71
Let a = 1835 - 684. What are the prime factors of a?
1151
Suppose -23 = -5*o + 4*y, 9*o - 4*o + y - 13 = 0. Suppose -2*w + 5*w - 347 = -4*m, -o*w - 427 = -5*m. What are the prime factors of m?
2, 43
Let s(y) = -18*y + 59. Let b be s(-3). Let a = b - 51. List the prime factors of a.
2, 31
Suppose -4*w = -3*d + 922, 3*d - 4*w + 648 = 5*d. Let m = -3 + d. What are the prime factors of m?
311
Let q(n) = 5*n**2 + 19*n + 82. Suppose 0 = 13*h - 18*h - 80. List the prime factors of q(h).
2, 23
Suppose -5*m = -4*t - 355, t = -m + 2*t + 71. Let h = -69 + m. Suppose h*k - 196 = 